 is the hundreds digit of z?
7
What is the ten thousands digit of (0 + 3 - 63442)*(-26 + (23 - -2))?
6
Let d = 9772 - 4316. What is the tens digit of -3 + (-7)/((-56)/d)?
7
Let w be (-3)/(-6) + (-75)/(-10). Let j = w + -6. What is the tens digit of 407/22 + j/8*-2?
1
Let c(u) = 16*u - 13. Let s(y) = -2 + 6 + 0 + 2*y + 3. Let d be s(0). What is the tens digit of c(d)?
9
Suppose 5 = -3*g - g + 5*z, 5*g = 2*z - 2. Suppose g = 3*s + 4*j + j - 19, 18 = 2*s - 2*j. Suppose 0 = s*o - 7*o - 72. What is the units digit of o?
2
Let q be (2/(-8) - 0) + 171/76. Let f be 10/((-20)/(-18)) - 2*q. Suppose 4*l + 2*w = 390, 0 = f*l - l + 5*w - 393. What is the units digit of l?
7
Let c(u) = -u + 10. Let k be c(7). Suppose -k*r = -2*g - 12, 2*r + 0*r = 4*g. What is the tens digit of ((-3162)/(-33) - 2) + r/33?
9
Suppose -11*u + 13*u - 20 = 0. Let f = u + 181. What is the units digit of f?
1
Let t be (88/2)/(2 + -3). Let o = 47 - t. What is the units digit of o?
1
Let c(y) = -1164*y + 902. What is the units digit of c(-6)?
6
Suppose 7*t = 2*t. Suppose t = a - 5*f - 12, -2*f + 0*f = -2*a. Let h(d) = -37*d + 33. What is the tens digit of h(a)?
4
Let k = 4223 - -2677. What is the thousands digit of k?
6
Let w be (-2 - -3020)/(2*(7 - 6)). Suppose 7*u - w = 1144. What is the tens digit of u?
7
Suppose 46 = 5*w + 21. Suppose g + 4*v - 9*v = 35, 3*g + w*v - 5 = 0. Suppose -g*u + 14*u = 296. What is the units digit of u?
4
Suppose -4*m + o + 12206 = 0, 5*m + 2*o = 3*o + 15256. What is the units digit of m?
0
Let r(s) = 21*s + 31. Suppose -c + 5 = -7. What is the tens digit of r(c)?
8
What is the units digit of (-116)/(-1102) + 2729832/114?
6
Suppose 0 = 2*z + 2*i + 16251 - 50829, -17261 = -z - 5*i. What is the hundreds digit of z?
2
Let w be ((-325)/91 - -3) + (-8)/(-14). What is the hundreds digit of 5 + w - (5 + -730)?
7
Let r = 3175 - -1264. What is the thousands digit of r?
4
Let y be -2*(-43)/6*-3. Let i = y + -70. Let n = i - -280. What is the hundreds digit of n?
1
Let b(z) = 77*z + 98. Suppose -6*d + 4*d + 6 = m, -d - 12 = -2*m. What is the units digit of b(m)?
0
What is the tens digit of (1086/8 + -1)/(450/1800)?
3
Let v(r) be the third derivative of 11*r**5/60 + 7*r**4/24 - r**3 + 6*r**2. Let q be -10*11/(385/(-14)). What is the tens digit of v(q)?
9
Let x(b) = 1441*b**2 - 8*b - 32. What is the thousands digit of x(-3)?
2
Suppose -4*o + n + 27409 = -148161, -5*n + 219450 = 5*o. What is the ten thousands digit of o?
4
Let g(p) = p**3 - 4*p**2 + 9*p - 7. Let u be g(3). What is the hundreds digit of u/(132/3512) - (-4)/(-6)?
2
Let p = -13976 - -43965. What is the ten thousands digit of p?
2
Let g be 82/4 + (-7)/14. Let s = -3 + g. Suppose j - 86 = s. What is the tens digit of j?
0
Let b(y) = y**3 - 4*y**2 - 5*y + 2. Let v be b(6). Let u(j) = -2*j**3 + 49*j**2 + 25*j + 81. Let w be u(25). Let s = w - v. What is the tens digit of s?
3
Suppose 5985 + 56721 = 3*x - 3*j, 0 = 4*x - 5*j - 83607. What is the thousands digit of x?
0
Let v(u) be the third derivative of 0*u + 0 - 7/12*u**4 + 13/6*u**3 - 3*u**2 - 1/60*u**5. What is the tens digit of v(-9)?
5
Let f = -10036 - -10294. What is the tens digit of f?
5
Suppose 0 = 761*y - 748*y + 2873. What is the tens digit of (21/(-3) + 3)/(2/y)?
4
Let m(z) = 565*z**3 - 42*z**2 + 2*z + 35. What is the thousands digit of m(5)?
9
Let x(u) = u**2 - 31*u + 256. What is the thousands digit of x(-22)?
1
Let z be 4 + -1 + -3 + -25. Let j = z - -50. Let v = j + -20. What is the units digit of v?
5
Suppose -5 = v + 5*c + 6, 13 = v - 3*c. Suppose r - 1266 = -5*h, 758 = v*h - h + r. What is the hundreds digit of h?
2
Let l(i) = -89*i + 2138. What is the hundreds digit of l(-15)?
4
Suppose 2*d + 1 = 5. Let i be (0 - -3)*2*(-7)/(42/(-318)). Suppose -d*x = x - i. What is the units digit of x?
6
Let q = 6319 - -520. What is the thousands digit of q?
6
Suppose 0 = 6*m - 17591 + 2201. Suppose -m = -4*s + o, 5*o + 311 = s - 354. What is the tens digit of s?
4
Suppose m = 4*g - 3*m + 144, -2*g - 2*m - 76 = 0. Let b = 39 + g. Suppose 2*v - 6 = b*q, -3*q - 8 = -4*v + 5. What is the units digit of q?
1
Suppose -5*i = 2*r - 29, 2*i - 7*i - r = -27. Suppose -138 = i*y - 4648. What is the units digit of y?
2
Let s(k) = k**2 + 11*k + 7. Suppose -8*x = 150 + 34. What is the units digit of s(x)?
3
Let u(l) = 2974*l**2 + 59*l - 137. What is the hundreds digit of u(2)?
8
Let v = 14114 + -7004. Suppose -4*n + 2*q = -v, 5 = 2*q - 3*q. What is the units digit of n?
5
Let m(b) = -119*b - 107. Let a be m(-20). Let c = -1094 + a. What is the thousands digit of c?
1
Suppose u - 6*b - 897 = -9*b, -2*u + 2*b = -1786. Let d = 1340 - u. What is the tens digit of d?
4
Suppose 4*j = 4*w, -8 = -5*w + j + 4. Suppose 3*u + w*h - 2*h - 17 = 0, 25 = 5*h. Suppose -4*a - y + 525 = u*y, 4*y = 5*a - 687. What is the units digit of a?
5
Let u(p) = -p**2 - 10*p + 14. Let b be u(-11). Suppose -b*f + 2694 = 3*f. What is the units digit of f?
9
Let p = 46158 - 6555. What is the ten thousands digit of p?
3
Let l = -32090 + 45071. What is the ten thousands digit of l?
1
Let m(i) = 10*i + 151. Let h = 150 - 135. What is the tens digit of m(h)?
0
Let d be ((-35)/(-140))/(1/8). Suppose 0 = d*v + 8, 2*y + 4*v - 356 = 132. What is the hundreds digit of y?
2
Let m = -4435 + 8272. Suppose 4*y = -3*i + 3843, -3*i - 8*y + 6*y = -m. What is the units digit of i?
7
Let q = 13606 + -8108. What is the tens digit of q?
9
Let d = -62 + 151. Let u = d + 16. What is the units digit of u?
5
Let d be 3 - (-3)/(-6 - -3)*1. Suppose -5*k + 155 + 43 = d*y, 4 = -2*k. What is the tens digit of y?
0
Suppose -3*z + 2947 = 5*h, 0 = -5*h + 8*z - 3*z + 2955. What is the hundreds digit of h?
5
Suppose -3*l + 29 = -103. Let f = 39 - l. What is the units digit of (f + 1)/((-4)/(-140)*-1)?
0
Let n(q) = -3*q**2 + 5*q + 10*q**3 + 38*q**3 - 3*q + 2. Let a be n(2). Suppose 5*g = -w + a, w - 3*w + 72 = g. What is the units digit of g?
6
Let r = -64617 - -122987. What is the units digit of r?
0
Let i(v) = 7*v + 4. Let z be i(2). Let f = 14 - z. What is the tens digit of (2 - (2 - f)) + 62?
5
Suppose -3*n - 11440 = -2*q, 4*q + 4298 - 27154 = 2*n. What is the tens digit of q?
1
Let s be (-12)/20 + 69/15. Let l be (s/12 - -3)*(-3)/2. What is the tens digit of (-283)/l - (-16)/40?
5
Suppose 2*n - 12 = 0, -5*k - 4*n + 26865 = -5909. What is the hundreds digit of k?
5
Let k(p) = p**2 - p + 60. Suppose -7*b = -0 - 0. Let g be k(b). Suppose -r + 46 + g = 4*z, 2*r = z + 185. What is the tens digit of r?
9
Let k(z) = -z**3 - 10*z**2 + 4*z + 22. Suppose 0*c - c = 12. Let r be k(c). Suppose 216 = 4*d - 4*m, 2*d - r = -3*d - 3*m. What is the units digit of d?
3
Suppose i = -4*k + 70659, -6*k - 2*i + 17677 = -5*k. What is the thousands digit of k?
7
Let r = 327 - 331. What is the hundreds digit of (-3840)/r + 20/(-10)?
9
Suppose 8*h = 20*h - 81120. What is the hundreds digit of (24/20)/(12/h)?
6
Let v(y) = -y**2 - 4*y + 8. Let f be v(-9). Let q be 0 - (-13)/(13/120). Let h = f + q. What is the tens digit of h?
8
Let l be 4/10 - 14/35. Suppose 3*p + y + 73 + 351 = l, -2*p + 4*y - 278 = 0. Let u = p - -287. What is the hundreds digit of u?
1
Suppose -5*u + r + 50 = 129, -4*r = u - 1. What is the hundreds digit of -2 - (u/(-3) + -585)?
5
Let l(b) = -4*b**2 - 1011*b + 14. What is the hundreds digit of l(-27)?
3
Suppose 28*s = -4*s + 608. Suppose s*k + 27*k - 27830 = 0. What is the hundreds digit of k?
6
Suppose 77 + 53 = 10*n. Let d = -13 + n. Suppose d = -6*m + m - 20, -2*v = -5*m - 222. What is the units digit of v?
1
Let d = -49 + 27. Let f = d - -26. Suppose -f = -c - 2*b + 7, -c + 17 = 5*b. What is the units digit of c?
7
Suppose -24*k = -1512 - 4056. Let b be (-1)/2*(-1 - -1). Suppose b = 4*h - 692 + k. What is the tens digit of h?
1
Let d(r) = -r**3 - 4*r**2 - 4*r - 1. Let t be d(-3). Suppose -u + 225 = f, 6*f = t*u + f - 415. Suppose -11*c = -7*c - u. What is the units digit of c?
5
What is the tens digit of -12 + 3 + -10 + 24 - 11682/(-2)?
4
Let f be 45907/(-58)*(-1 + -1). Suppose 25*y = 5983 - f. What is the units digit of y?
6
Let q be (-8)/(-2) + -1 + (-29)/29. Let a(g) = 34*g**3 + g**2 + g + 3. What is the units digit of a(q)?
1
Suppose -2*b = -6, b + 92 = 4*y - 33. Let p = -28 + y. Let s = 90 + p. What is the tens digit of s?
